{"id":329,"date":"2022-05-09T10:53:30","date_gmt":"2022-05-09T10:53:30","guid":{"rendered":"http:\/\/rvz-wesermarsch.de\/?page_id=329"},"modified":"2025-09-02T10:16:16","modified_gmt":"2025-09-02T10:16:16","slug":"pflegestuetzpunkt-wesermarsch","status":"publish","type":"page","link":"https:\/\/rvz-wesermarsch.de\/index.php\/pflegestuetzpunkt-wesermarsch\/","title":{"rendered":"Pflegest\u00fctzpunkt Wesermarsch"},"content":{"rendered":"<p><img decoding=\"async\" src=\"\/wp-content\/uploads\/2022\/05\/pflege_gruen.svg\" alt=\"\"><\/p>\n<h1>Pflegest\u00fctz&shy;punkt im Landkreis Wesermarsch<\/h1>\n<div>Wir sind f\u00fcr Sie da<\/div>\n<h2>Pflegest\u00fctzpunkt im Landkreis Wesermarsch<\/h2>\n<div>\n<p>Der Pflegest\u00fctzpunkt \u2026<\/p>\n<ul>\n<li>m\u00f6chte Sie mit Ihren Sorgen und Fragen dort abholen, wo Sie stehen, mit Ihnen nach L\u00f6sungswegen f\u00fcr Ihre pers\u00f6nliche Situation suchen und Sie in Ihren Entscheidungen und Ihrem Tun st\u00e4rken und ermutigen.<\/li>\n<li>informiert und ber\u00e4t zu Leistungen der Pflegeversicherung und anderer Kostentr\u00e4ger, wie zu Fragen \u00fcber Pflegegutachten.<\/li>\n<li>informiert \u00fcber und vermittelt Angebote der ambulanten, teilstation\u00e4ren und station\u00e4ren Pflege und unterst\u00fctzt bei der Pflegeorganisation nach Krankenhausaufenthalt und Rehabilitation.<\/li>\n<li>unterst\u00fctzt pflegende Angeh\u00f6rige bei der Inanspruchnahme von Entlastungsm\u00f6glichkeiten, ehrenamtlichen Diensten und Selbsthilfeangeboten und ber\u00e4t in schwierigen Lebenssituationen.<\/li>\n<li>bietet Beratung f\u00fcr Demenzerkrankte und deren Angeh\u00f6rige.<\/li>\n<\/ul>\n<p><strong>Der Landkreis Wesermarsch stellt die Arbeit des Seniorenst\u00fctzpunktes auf neue F\u00fc\u00dfe<br \/><\/strong>Der Seniorenst\u00fctzpunkt wurde vom Caritas Verband Wesermarsch e.V. \u00fcbernommen. Es gibt den Seniorenst\u00fctzpunkt Nord und S\u00fcd.<\/p>\n<ul><\/ul>\n<\/div>\n<div>\n<ul>\n<li><strong>Der Seniorenst\u00fctzpunkt Nord ist im Mehrgenerationenhaus in Nordenham angesiedelt.<\/strong> Hier befindet sich auch die Freiwilligenagentur EHRENSACHE. Die Einrichtungen sind gem\u00e4\u00df Richtlinie dazu verpflichtet eng miteinander zu kooperieren, dies kann durch die r\u00e4umliche N\u00e4he optimal gew\u00e4hrleistet werden.<\/li>\n<li><strong>Der Seniorenst\u00fctzpunkt S\u00fcd soll in Elsfleth angesiedelt werden.<\/strong> Entsprechende R\u00e4umlichkeiten stehen dort zur Verf\u00fcgung. Durch die Aufteilung in Nord und S\u00fcd verspricht sich der Caritasverband eine bessere Erreichbarkeit des Angebotes f\u00fcr die Seniorinnen und Senioren in der Wesermarsch.<\/li>\n<\/ul>\n<\/div>\n<p><p>\n        <a href=\"https:\/\/www.caritas-wesermarsch.de\/seite\/560845\/seniorenst%C3%BCtzpunkt.html\">Zum Seniorenst\u00fctzpunkt Caritas<\/a>\n    <\/p>\n<\/p>\n<div>\n<h2>Ansprechpartnerin Seniorenst\u00fctzpunkt<\/h2>\n<div>\n<p><strong>Christine Sassen-Schreiber<\/strong> <br \/><strong>Telefon:<\/strong> 04731 942814 <br \/><strong>Mobil:<\/strong> 0176 554 26919 <br \/><strong>Mail:<\/strong> nord@seniorenstuetzpunkt-wesermarsch.de<\/p>\n<\/div>\n<\/div>\n<div>\n<p>        <img decoding=\"async\" src=\"\/wp-content\/uploads\/photo-1584515933487-779824d29309-scaled.jpg\" alt=\"\"><\/p>\n<h2>Kontakt Pflegest\u00fctzpunkt<\/h2>\n<div>\n<p><strong>Ansprechpartnerin: Gudrun Hobbie<\/strong><br \/><strong>Telefon:<\/strong> 04401 927-621<br \/><strong>Fax:<\/strong> 04401 92799-621<br \/><strong>Mail:<\/strong> <a href=\"mailto:gudrun.hobbie@wesermarsch.de\">gudrun.hobbie@wesermarsch.de\u00a0<\/a><br \/>Termine nach Vereinbarung<\/p>\n<\/div>\n<\/div>\n<p><!--more--><br \/>\n<!-- {\"name\":\"hebammen\",\"type\":\"layout\",\"children\":[{\"name\":\"Hero\",\"type\":\"section\",\"props\":{\"animation_delay\":false,\"header_transparent\":true,\"header_transparent_text_color\":\"dark\",\"height\":\"viewport\",\"height_offset_top\":true,\"height_viewport\":80,\"image\":\"wp-content\\\/uploads\\\/2022\\\/05\\\/header_pflegestuetzpunkt_2.jpg\",\"image_effect\":\"parallax\",\"image_parallax_bgy\":\"-80,0\",\"image_parallax_breakpoint\":\"m\",\"image_parallax_easing\":\"1\",\"image_position\":\"center-center\",\"image_size\":\"cover\",\"image_width\":\"2560\",\"padding\":\"large\",\"padding_remove_top\":false,\"style\":\"default\",\"title_breakpoint\":\"xl\",\"title_position\":\"top-left\",\"title_rotation\":\"left\",\"vertical_align\":\"bottom\",\"width\":\"expand\"},\"children\":[{\"type\":\"row\",\"children\":[{\"type\":\"column\",\"props\":{\"image_position\":\"center-center\",\"position_sticky_breakpoint\":\"m\",\"width_medium\":\"3-5\"}},{\"type\":\"column\",\"props\":{\"image_position\":\"center-center\",\"position_sticky_breakpoint\":\"m\",\"width_medium\":\"2-5\"},\"children\":[{\"type\":\"image\",\"props\":{\"block_align\":\"right\",\"image\":\"wp-content\\\/uploads\\\/2022\\\/05\\\/pflege_gruen.svg\",\"image_svg_color\":\"\",\"image_svg_inline\":true,\"image_width\":\"60\",\"margin\":\"default\",\"text_align\":\"left\",\"text_align_breakpoint\":\"m\",\"text_align_fallback\":\"center\"}},{\"type\":\"headline\",\"props\":{\"animation\":\"none\",\"content\":\"Pflegest\\u00fctz&shy;punkt im Landkreis Wesermarsch\",\"maxwidth\":\"xlarge\",\"text_align\":\"left\",\"text_align_breakpoint\":\"s\",\"text_align_fallback\":\"center\",\"title_element\":\"h1\",\"title_style\":\"heading-medium\"}}]}],\"props\":{\"layout\":\"3-5,2-5\",\"margin\":\"remove-vertical\",\"row_gap\":\"collapse\"}}]},{\"type\":\"section\",\"props\":{\"image_position\":\"center-center\",\"padding\":\"large\",\"padding_remove_bottom\":false,\"padding_remove_top\":false,\"style\":\"default\",\"title_breakpoint\":\"xl\",\"title_position\":\"top-left\",\"title_rotation\":\"left\",\"vertical_align\":\"\",\"width\":\"\"},\"children\":[{\"type\":\"row\",\"children\":[{\"type\":\"column\",\"props\":{\"image_position\":\"center-center\",\"padding\":\"xlarge\",\"position_sticky_breakpoint\":\"m\"},\"children\":[{\"type\":\"headline\",\"props\":{\"content\":\"Wir sind f\\u00fcr Sie da\",\"margin\":\"remove-vertical\",\"title_color\":\"danger\",\"title_element\":\"div\",\"title_style\":\"h4\"}},{\"type\":\"headline\",\"props\":{\"content\":\"Pflegest\\u00fctzpunkt im Landkreis Wesermarsch\",\"margin\":\"small\",\"title_element\":\"h2\",\"title_style\":\"heading-small\"}}]}],\"props\":{\"width\":\"large\"}},{\"type\":\"row\",\"props\":{\"layout\":\"1-3,1-3,1-3\",\"width\":\"large\"},\"children\":[{\"type\":\"column\",\"props\":{\"image_position\":\"center-center\",\"position_sticky_breakpoint\":\"m\",\"width_medium\":\"1-3\"},\"children\":[{\"type\":\"text\",\"props\":{\"column_breakpoint\":\"m\",\"content\":\"\n\n<p>Der Pflegest\\u00fctzpunkt \\u2026<\\\/p>\\n\n\n<ul>\\n\n\n<li>m\\u00f6chte Sie mit Ihren Sorgen und Fragen dort abholen, wo Sie stehen, mit Ihnen nach L\\u00f6sungswegen f\\u00fcr Ihre pers\\u00f6nliche Situation suchen und Sie in Ihren Entscheidungen und Ihrem Tun st\\u00e4rken und ermutigen.<\\\/li>\\n\n\n<li>informiert und ber\\u00e4t zu Leistungen der Pflegeversicherung und anderer Kostentr\\u00e4ger, wie zu Fragen \\u00fcber Pflegegutachten.<\\\/li>\\n\n\n<li>informiert \\u00fcber und vermittelt Angebote der ambulanten, teilstation\\u00e4ren und station\\u00e4ren Pflege und unterst\\u00fctzt bei der Pflegeorganisation nach Krankenhausaufenthalt und Rehabilitation.<\\\/li>\\n\n\n<li>unterst\\u00fctzt pflegende Angeh\\u00f6rige bei der Inanspruchnahme von Entlastungsm\\u00f6glichkeiten, ehrenamtlichen Diensten und Selbsthilfeangeboten und ber\\u00e4t in schwierigen Lebenssituationen.<\\\/li>\\n\n\n<li>bietet Beratung f\\u00fcr Demenzerkrankte und deren Angeh\\u00f6rige.<\\\/li>\\n<\\\/ul>\\n\n\n<p><strong>Der Landkreis Wesermarsch stellt die Arbeit des Seniorenst\\u00fctzpunktes auf neue F\\u00fc\\u00dfe<br \\\/><\\\/strong>Der Seniorenst\\u00fctzpunkt wurde vom Caritas Verband Wesermarsch e.V. \\u00fcbernommen. Es gibt den Seniorenst\\u00fctzpunkt Nord und S\\u00fcd.<\\\/p>\\n\n\n<ul><\\\/ul>\",\"margin\":\"default\",\"maxwidth_breakpoint\":\"m\"}}]},{\"type\":\"column\",\"props\":{\"image_position\":\"center-center\",\"position_sticky_breakpoint\":\"m\",\"width_medium\":\"1-3\"},\"children\":[{\"type\":\"text\",\"props\":{\"column_breakpoint\":\"m\",\"content\":\"\n\n<ul>\\n\n\n<li><strong>Der Seniorenst\\u00fctzpunkt Nord ist im Mehrgenerationenhaus in Nordenham angesiedelt.<\\\/strong> Hier befindet sich auch die Freiwilligenagentur EHRENSACHE. Die Einrichtungen sind gem\\u00e4\\u00df Richtlinie dazu verpflichtet eng miteinander zu kooperieren, dies kann durch die r\\u00e4umliche N\\u00e4he optimal gew\\u00e4hrleistet werden.<\\\/li>\\n\n\n<li><strong>Der Seniorenst\\u00fctzpunkt S\\u00fcd soll in Elsfleth angesiedelt werden.<\\\/strong> Entsprechende R\\u00e4umlichkeiten stehen dort zur Verf\\u00fcgung. Durch die Aufteilung in Nord und S\\u00fcd verspricht sich der Caritasverband eine bessere Erreichbarkeit des Angebotes f\\u00fcr die Seniorinnen und Senioren in der Wesermarsch.<\\\/li>\\n<\\\/ul>\",\"margin\":\"default\",\"maxwidth_breakpoint\":\"m\"}},{\"type\":\"button\",\"props\":{\"grid_column_gap\":\"small\",\"grid_row_gap\":\"small\",\"margin\":\"default\",\"text_align\":\"center\"},\"children\":[{\"type\":\"button_item\",\"props\":{\"button_style\":\"primary\",\"content\":\"Zum Seniorenst\\u00fctzpunkt Caritas\",\"dialog_layout\":\"modal\",\"dialog_offcanvas_flip\":true,\"icon_align\":\"left\",\"link\":\"https:\\\/\\\/www.caritas-wesermarsch.de\\\/seite\\\/560845\\\/seniorenst%C3%BCtzpunkt.html\"}}]},{\"type\":\"panel\",\"props\":{\"content\":\"\n\n<p><strong>Christine Sassen-Schreiber<\\\/strong> <br \\\/><strong>Telefon:<\\\/strong> 04731 942814 <br \\\/><strong>Mobil:<\\\/strong> 0176 554 26919 <br \\\/><strong>Mail:<\\\/strong> nord@seniorenstuetzpunkt-wesermarsch.de<\\\/p>\",\"content_column_breakpoint\":\"m\",\"icon_width\":80,\"image\":\"\",\"image_align\":\"top\",\"image_grid_breakpoint\":\"m\",\"image_grid_width\":\"1-2\",\"image_svg_color\":\"emphasis\",\"link_style\":\"default\",\"link_text\":\"Read more\",\"margin\":\"large\",\"meta_align\":\"below-title\",\"meta_element\":\"div\",\"meta_style\":\"text-meta\",\"panel_image_no_padding\":true,\"panel_padding\":\"default\",\"panel_style\":\"tile-muted\",\"title\":\"Ansprechpartnerin Seniorenst\\u00fctzpunkt\",\"title_align\":\"top\",\"title_element\":\"h2\",\"title_grid_breakpoint\":\"m\",\"title_grid_width\":\"1-2\",\"title_hover_style\":\"reset\",\"title_style\":\"h3\"}}]},{\"type\":\"column\",\"props\":{\"image_position\":\"center-center\",\"position_sticky_breakpoint\":\"m\",\"width_medium\":\"1-3\"},\"children\":[{\"type\":\"panel\",\"props\":{\"content\":\"\n\n<p><strong>Ansprechpartnerin: Gudrun Hobbie<\\\/strong><br \\\/><strong>Telefon:<\\\/strong> 04401 927-621<br \\\/><strong>Fax:<\\\/strong> 04401 92799-621<br \\\/><strong>Mail:<\\\/strong> <a href=\\\"mailto:gudrun.hobbie@wesermarsch.de\\\">gudrun.hobbie@wesermarsch.de\\u00a0<\\\/a><br \\\/>Termine nach Vereinbarung<\\\/p>\",\"content_column_breakpoint\":\"m\",\"icon_width\":80,\"image\":\"wp-content\\\/uploads\\\/photo-1584515933487-779824d29309-scaled.jpg\",\"image_align\":\"top\",\"image_grid_breakpoint\":\"m\",\"image_grid_width\":\"1-2\",\"image_svg_color\":\"emphasis\",\"link_style\":\"default\",\"link_text\":\"Read more\",\"margin\":\"default\",\"meta_align\":\"below-title\",\"meta_element\":\"div\",\"meta_style\":\"text-meta\",\"panel_image_no_padding\":true,\"panel_padding\":\"default\",\"panel_style\":\"tile-primary\",\"title\":\"Kontakt Pflegest\\u00fctzpunkt\",\"title_align\":\"top\",\"title_element\":\"h2\",\"title_grid_breakpoint\":\"m\",\"title_grid_width\":\"1-2\",\"title_hover_style\":\"reset\",\"title_style\":\"h3\"}}]}]}],\"name\":\"About\"}],\"version\":\"4.5.25\"} --><\/p>\n","protected":false},"excerpt":{"rendered":"<p>Pflegest\u00fctz&shy;punkt im Landkreis Wesermarsch Wir sind f\u00fcr Sie da Pflegest\u00fctzpunkt im Landkreis Wesermarsch Der Pflegest\u00fctzpunkt \u2026 m\u00f6chte Sie mit Ihren Sorgen und Fragen dort abholen, wo Sie stehen, mit Ihnen nach L\u00f6sungswegen f\u00fcr Ihre pers\u00f6nliche Situation suchen und Sie in Ihren Entscheidungen und Ihrem Tun st\u00e4rken und ermutigen. informiert und ber\u00e4t zu Leistungen der Pflegeversicherung [&hellip;]<\/p>\n","protected":false},"author":2,"featured_media":0,"parent":0,"menu_order":0,"comment_status":"closed","ping_status":"closed","template":"","meta":{"footnotes":""},"class_list":["post-329","page","type-page","status-publish","hentry"],"yoast_head":"<!-- This site is optimized with the Yoast SEO plugin v27.1.1 - https:\/\/yoast.com\/product\/yoast-seo-wordpress\/ -->\n<title>Pflegest\u00fctzpunkt Wesermarsch - RVZ Wesermarsch-Nord<\/title>\n<meta name=\"description\" content=\"Im RVZ Wesermarsch-Nord ist der Pflegest\u00fctzpunkt des Landkreises Wesermarsch angesiedelt. Er informiert, ber\u00e4t und vermittelt zu Pflegethemen.\" \/>\n<meta name=\"robots\" content=\"index, follow, max-snippet:-1, max-image-preview:large, max-video-preview:-1\" \/>\n<link rel=\"canonical\" href=\"https:\/\/rvz-wesermarsch.de\/index.php\/pflegestuetzpunkt-wesermarsch\/\" \/>\n<meta property=\"og:locale\" content=\"de_DE\" \/>\n<meta property=\"og:type\" content=\"article\" \/>\n<meta property=\"og:title\" content=\"Pflegest\u00fctzpunkt Wesermarsch - RVZ Wesermarsch-Nord\" \/>\n<meta property=\"og:description\" content=\"Im RVZ Wesermarsch-Nord ist der Pflegest\u00fctzpunkt des Landkreises Wesermarsch angesiedelt. Er informiert, ber\u00e4t und vermittelt zu Pflegethemen.\" \/>\n<meta property=\"og:url\" content=\"https:\/\/rvz-wesermarsch.de\/index.php\/pflegestuetzpunkt-wesermarsch\/\" \/>\n<meta property=\"og:site_name\" content=\"RVZ Wesermarsch-Nord\" \/>\n<meta property=\"article:modified_time\" content=\"2025-09-02T10:16:16+00:00\" \/>\n<meta name=\"twitter:card\" content=\"summary_large_image\" \/>\n<meta name=\"twitter:label1\" content=\"Gesch\u00e4tzte Lesezeit\" \/>\n\t<meta name=\"twitter:data1\" content=\"1\u00a0Minute\" \/>\n<script type=\"application\/ld+json\" class=\"yoast-schema-graph\">{\"@context\":\"https:\/\/schema.org\",\"@graph\":[{\"@type\":\"WebPage\",\"@id\":\"https:\/\/rvz-wesermarsch.de\/index.php\/pflegestuetzpunkt-wesermarsch\/\",\"url\":\"https:\/\/rvz-wesermarsch.de\/index.php\/pflegestuetzpunkt-wesermarsch\/\",\"name\":\"Pflegest\u00fctzpunkt Wesermarsch - RVZ Wesermarsch-Nord\",\"isPartOf\":{\"@id\":\"https:\/\/rvz-wesermarsch.de\/#website\"},\"datePublished\":\"2022-05-09T10:53:30+00:00\",\"dateModified\":\"2025-09-02T10:16:16+00:00\",\"description\":\"Im RVZ Wesermarsch-Nord ist der Pflegest\u00fctzpunkt des Landkreises Wesermarsch angesiedelt. Er informiert, ber\u00e4t und vermittelt zu Pflegethemen.\",\"breadcrumb\":{\"@id\":\"https:\/\/rvz-wesermarsch.de\/index.php\/pflegestuetzpunkt-wesermarsch\/#breadcrumb\"},\"inLanguage\":\"de\",\"potentialAction\":[{\"@type\":\"ReadAction\",\"target\":[\"https:\/\/rvz-wesermarsch.de\/index.php\/pflegestuetzpunkt-wesermarsch\/\"]}]},{\"@type\":\"BreadcrumbList\",\"@id\":\"https:\/\/rvz-wesermarsch.de\/index.php\/pflegestuetzpunkt-wesermarsch\/#breadcrumb\",\"itemListElement\":[{\"@type\":\"ListItem\",\"position\":1,\"name\":\"Startseite\",\"item\":\"https:\/\/rvz-wesermarsch.de\/\"},{\"@type\":\"ListItem\",\"position\":2,\"name\":\"Pflegest\u00fctzpunkt Wesermarsch\"}]},{\"@type\":\"WebSite\",\"@id\":\"https:\/\/rvz-wesermarsch.de\/#website\",\"url\":\"https:\/\/rvz-wesermarsch.de\/\",\"name\":\"RVZ Wesermarsch-Nord\",\"description\":\"Ihr regionales Versorgungszentrum\",\"publisher\":{\"@id\":\"https:\/\/rvz-wesermarsch.de\/#organization\"},\"potentialAction\":[{\"@type\":\"SearchAction\",\"target\":{\"@type\":\"EntryPoint\",\"urlTemplate\":\"https:\/\/rvz-wesermarsch.de\/?s={search_term_string}\"},\"query-input\":{\"@type\":\"PropertyValueSpecification\",\"valueRequired\":true,\"valueName\":\"search_term_string\"}}],\"inLanguage\":\"de\"},{\"@type\":\"Organization\",\"@id\":\"https:\/\/rvz-wesermarsch.de\/#organization\",\"name\":\"Medizinisches Versorgungszentrum (MVZ) Wesermarsch-Nord GmbH\",\"url\":\"https:\/\/rvz-wesermarsch.de\/\",\"logo\":{\"@type\":\"ImageObject\",\"inLanguage\":\"de\",\"@id\":\"https:\/\/rvz-wesermarsch.de\/#\/schema\/logo\/image\/\",\"url\":\"https:\/\/rvz-wesermarsch.de\/wp-content\/uploads\/2022\/05\/B-MBE-20037_Logo_Regionales_Versorgungszentrum_WesermarschNord_RGB.png\",\"contentUrl\":\"https:\/\/rvz-wesermarsch.de\/wp-content\/uploads\/2022\/05\/B-MBE-20037_Logo_Regionales_Versorgungszentrum_WesermarschNord_RGB.png\",\"width\":8822,\"height\":3432,\"caption\":\"Medizinisches Versorgungszentrum (MVZ) Wesermarsch-Nord GmbH\"},\"image\":{\"@id\":\"https:\/\/rvz-wesermarsch.de\/#\/schema\/logo\/image\/\"}}]}<\/script>\n<!-- \/ Yoast SEO plugin. -->","yoast_head_json":{"title":"Pflegest\u00fctzpunkt Wesermarsch - RVZ Wesermarsch-Nord","description":"Im RVZ Wesermarsch-Nord ist der Pflegest\u00fctzpunkt des Landkreises Wesermarsch angesiedelt. Er informiert, ber\u00e4t und vermittelt zu Pflegethemen.","robots":{"index":"index","follow":"follow","max-snippet":"max-snippet:-1","max-image-preview":"max-image-preview:large","max-video-preview":"max-video-preview:-1"},"canonical":"https:\/\/rvz-wesermarsch.de\/index.php\/pflegestuetzpunkt-wesermarsch\/","og_locale":"de_DE","og_type":"article","og_title":"Pflegest\u00fctzpunkt Wesermarsch - RVZ Wesermarsch-Nord","og_description":"Im RVZ Wesermarsch-Nord ist der Pflegest\u00fctzpunkt des Landkreises Wesermarsch angesiedelt. Er informiert, ber\u00e4t und vermittelt zu Pflegethemen.","og_url":"https:\/\/rvz-wesermarsch.de\/index.php\/pflegestuetzpunkt-wesermarsch\/","og_site_name":"RVZ Wesermarsch-Nord","article_modified_time":"2025-09-02T10:16:16+00:00","twitter_card":"summary_large_image","twitter_misc":{"Gesch\u00e4tzte Lesezeit":"1\u00a0Minute"},"schema":{"@context":"https:\/\/schema.org","@graph":[{"@type":"WebPage","@id":"https:\/\/rvz-wesermarsch.de\/index.php\/pflegestuetzpunkt-wesermarsch\/","url":"https:\/\/rvz-wesermarsch.de\/index.php\/pflegestuetzpunkt-wesermarsch\/","name":"Pflegest\u00fctzpunkt Wesermarsch - RVZ Wesermarsch-Nord","isPartOf":{"@id":"https:\/\/rvz-wesermarsch.de\/#website"},"datePublished":"2022-05-09T10:53:30+00:00","dateModified":"2025-09-02T10:16:16+00:00","description":"Im RVZ Wesermarsch-Nord ist der Pflegest\u00fctzpunkt des Landkreises Wesermarsch angesiedelt. Er informiert, ber\u00e4t und vermittelt zu Pflegethemen.","breadcrumb":{"@id":"https:\/\/rvz-wesermarsch.de\/index.php\/pflegestuetzpunkt-wesermarsch\/#breadcrumb"},"inLanguage":"de","potentialAction":[{"@type":"ReadAction","target":["https:\/\/rvz-wesermarsch.de\/index.php\/pflegestuetzpunkt-wesermarsch\/"]}]},{"@type":"BreadcrumbList","@id":"https:\/\/rvz-wesermarsch.de\/index.php\/pflegestuetzpunkt-wesermarsch\/#breadcrumb","itemListElement":[{"@type":"ListItem","position":1,"name":"Startseite","item":"https:\/\/rvz-wesermarsch.de\/"},{"@type":"ListItem","position":2,"name":"Pflegest\u00fctzpunkt Wesermarsch"}]},{"@type":"WebSite","@id":"https:\/\/rvz-wesermarsch.de\/#website","url":"https:\/\/rvz-wesermarsch.de\/","name":"RVZ Wesermarsch-Nord","description":"Ihr regionales Versorgungszentrum","publisher":{"@id":"https:\/\/rvz-wesermarsch.de\/#organization"},"potentialAction":[{"@type":"SearchAction","target":{"@type":"EntryPoint","urlTemplate":"https:\/\/rvz-wesermarsch.de\/?s={search_term_string}"},"query-input":{"@type":"PropertyValueSpecification","valueRequired":true,"valueName":"search_term_string"}}],"inLanguage":"de"},{"@type":"Organization","@id":"https:\/\/rvz-wesermarsch.de\/#organization","name":"Medizinisches Versorgungszentrum (MVZ) Wesermarsch-Nord GmbH","url":"https:\/\/rvz-wesermarsch.de\/","logo":{"@type":"ImageObject","inLanguage":"de","@id":"https:\/\/rvz-wesermarsch.de\/#\/schema\/logo\/image\/","url":"https:\/\/rvz-wesermarsch.de\/wp-content\/uploads\/2022\/05\/B-MBE-20037_Logo_Regionales_Versorgungszentrum_WesermarschNord_RGB.png","contentUrl":"https:\/\/rvz-wesermarsch.de\/wp-content\/uploads\/2022\/05\/B-MBE-20037_Logo_Regionales_Versorgungszentrum_WesermarschNord_RGB.png","width":8822,"height":3432,"caption":"Medizinisches Versorgungszentrum (MVZ) Wesermarsch-Nord GmbH"},"image":{"@id":"https:\/\/rvz-wesermarsch.de\/#\/schema\/logo\/image\/"}}]}},"_links":{"self":[{"href":"https:\/\/rvz-wesermarsch.de\/index.php\/wp-json\/wp\/v2\/pages\/329","targetHints":{"allow":["GET"]}}],"collection":[{"href":"https:\/\/rvz-wesermarsch.de\/index.php\/wp-json\/wp\/v2\/pages"}],"about":[{"href":"https:\/\/rvz-wesermarsch.de\/index.php\/wp-json\/wp\/v2\/types\/page"}],"author":[{"embeddable":true,"href":"https:\/\/rvz-wesermarsch.de\/index.php\/wp-json\/wp\/v2\/users\/2"}],"replies":[{"embeddable":true,"href":"https:\/\/rvz-wesermarsch.de\/index.php\/wp-json\/wp\/v2\/comments?post=329"}],"version-history":[{"count":41,"href":"https:\/\/rvz-wesermarsch.de\/index.php\/wp-json\/wp\/v2\/pages\/329\/revisions"}],"predecessor-version":[{"id":1003,"href":"https:\/\/rvz-wesermarsch.de\/index.php\/wp-json\/wp\/v2\/pages\/329\/revisions\/1003"}],"wp:attachment":[{"href":"https:\/\/rvz-wesermarsch.de\/index.php\/wp-json\/wp\/v2\/media?parent=329"}],"curies":[{"name":"wp","href":"https:\/\/api.w.org\/{rel}","templated":true}]}}